{"id":32,"date":"2018-09-27T13:19:17","date_gmt":"2018-09-27T11:19:17","guid":{"rendered":"http:\/\/lacriquesud.fr\/?page_id=32"},"modified":"2025-10-02T17:28:12","modified_gmt":"2025-10-02T15:28:12","slug":"a-propos","status":"publish","type":"page","link":"http:\/\/lacriquesud.fr\/?page_id=32","title":{"rendered":"\u00c0 propos"},"content":{"rendered":"\n<blockquote class=\"wp-block-quote\"><p>La Crique Sud est un bistrot culturel fond\u00e9 en SCOP qui a vu<\/p><p>le jour \u00e0 Grenoble en septembre 2018.<\/p><p>On y trouve une s\u00e9lection de produits artisanaux et locaux et<\/p><p>surtout une programmation vari\u00e9e. Pour tous les artistes<\/p><p>accomplis ou en devenir, nous disposons d\u2019une petite sc\u00e8ne et<\/p><p>de mat\u00e9riel. Nous nous attachons \u00e0 recevoir tous les projets<\/p><p>que nous pouvons dans les meilleures conditions possibles.<\/p><\/blockquote>\n","protected":false},"excerpt":{"rendered":"<p>La Crique Sud est un bistrot culturel fond\u00e9 en SCOP qui a vu le jour \u00e0 Grenoble en septembre 2018. On y trouve une s\u00e9lection de produits artisanaux et locaux et surtout une programmation vari\u00e9e. Pour tous les artistes accomplis ou en devenir, nous disposons d\u2019une petite sc\u00e8ne et de mat\u00e9riel. Nous nous attachons \u00e0&hellip;<\/p>\n","protected":false},"author":1,"featured_media":0,"parent":0,"menu_order":0,"comment_status":"closed","ping_status":"closed","template":"","meta":[],"_links":{"self":[{"href":"http:\/\/lacriquesud.fr\/index.php?rest_route=\/wp\/v2\/pages\/32"}],"collection":[{"href":"http:\/\/lacriquesud.fr\/index.php?rest_route=\/wp\/v2\/pages"}],"about":[{"href":"http:\/\/lacriquesud.fr\/index.php?rest_route=\/wp\/v2\/types\/page"}],"author":[{"embeddable":true,"href":"http:\/\/lacriquesud.fr\/index.php?rest_route=\/wp\/v2\/users\/1"}],"replies":[{"embeddable":true,"href":"http:\/\/lacriquesud.fr\/index.php?rest_route=%2Fwp%2Fv2%2Fcomments&post=32"}],"version-history":[{"count":3,"href":"http:\/\/lacriquesud.fr\/index.php?rest_route=\/wp\/v2\/pages\/32\/revisions"}],"predecessor-version":[{"id":200,"href":"http:\/\/lacriquesud.fr\/index.php?rest_route=\/wp\/v2\/pages\/32\/revisions\/200"}],"wp:attachment":[{"href":"http:\/\/lacriquesud.fr\/index.php?rest_route=%2Fwp%2Fv2%2Fmedia&parent=32"}],"curies":[{"name":"wp","href":"https:\/\/api.w.org\/{rel}","templated":true}]}}